et h(o) = 8*o - 153. Give h(19).
-1
Let i(s) = -3*s**3 + 19*s**2 - 5*s - 6. Give i(6).
0
Let m(n) = 2*n - 29. Determine m(12).
-5
Let r(m) = -9*m + 79. What is r(10)?
-11
Let f(a) = 22*a**2 + a. Determine f(1).
23
Let y(m) = -m**3 + 6*m**2 + 7*m + 8. Determine y(6).
50
Let v(k) = -k**3 - 21*k**2 - 33*k + 35. What is v(-19)?
-60
Let z(f) = 2*f**3 - 3*f**2 - 2*f + 4. Give z(3).
25
Let s(y) = 10*y - 158. What is s(7)?
-88
Let o(q) = q**3 + 4*q**2 - 4*q + 1. What is o(1)?
2
Let b(q) = 11*q + 278. What is b(-28)?
-30
Let m(x) = x**2 - 2*x + 7. Give m(5).
22
Let x(l) = 4*l + 49. Give x(-6).
25
Let g(b) = -2*b - 9. Determine g(-4).
-1
Let j(u) = u**3 + 11*u**2 + 12*u - 14. Calculate j(-9).
40
Let z(f) = -f**3 - 24*f**2 - 23*f - 32. What is z(-23)?
-32
Let g(c) = -2*c - 33. Give g(-13).
-7
Let a(z) = -z**3 + 7*z**2 - 12*z + 5. What is a(5)?
-5
Let w(c) = c**2 + 5*c - 26. Calculate w(0).
-26
Let n(f) = f**2 + 13*f - 12. Give n(-15).
18
Let z(x) = x**2 + 6*x - 14. Determine z(-10).
26
Let x(j) = j**3 - 10*j**2 - 34. Give x(10).
-34
Let z(r) = 151*r. Give z(0).
0
Let a(k) = -4*k + 24. Calculate a(-13).
76
Let q(i) = i**3 + 4*i**2 + 2*i - 2. Determine q(-4).
-10
Let v(m) = 39*m**2 + 2*m - 3. Give v(1).
38
Let o(c) = 9*c - 49. Give o(4).
-13
Let h(i) = 13*i**3 + 2*i - 3. Calculate h(1).
12
Let n(p) = -p**3 - 8*p**2 - 7*p - 7. What is n(-7)?
-7
Let z(k) = -9*k + 11. Determine z(2).
-7
Let u(g) = -4*g**3 + 4*g**2 + g + 1. Give u(2).
-13
Let f(y) = 2*y - 6. What is f(9)?
12
Let q(n) = n**3 + 9*n**2 - 9*n + 12. Calculate q(-10).
2
Let t(j) = j**3 - 15*j**2 + 22*j + 164. Calculate t(12).
-4
Let c(h) = 2*h**2 - 17*h + 18. Calculate c(7).
-3
Let p(u) = -u - 68. Calculate p(14).
-82
Let y(z) = 8*z**3 + 3*z**2 - 5*z + 8. Calculate y(2).
74
Let m(s) = 4*s**3 - 3*s**2 - 5*s - 3. Give m(-1).
-5
Let p(h) = -h**3 + 14*h**2 + 7*h - 5. Determine p(14).
93
Let u(p) = p - 34. What is u(31)?
-3
Let u(z) = z**3 + 14*z**2 - 15*z - 18. What is u(-15)?
-18
Let y(h) = 12*h**2 - 2. Give y(1).
10
Let u(n) = -4*n + 47. Calculate u(12).
-1
Let p(j) = -j - 3. What is p(3)?
-6
Let v(f) = -13*f - 59. Determine v(-4).
-7
Let a(x) = 5*x + 70. What is a(-21)?
-35
Let v(u) = u**2 + 12*u - 10. Give v(-13).
3
Let h(i) = i**2 - 9*i - 13. Calculate h(10).
-3
Let z(g) = g**3 + 24*g**2 + 22*g - 15. Determine z(-23).
8
Let m(q) = 3*q + 47. Give m(-15).
2
Let r(y) = 18*y + 322. Calculate r(-18).
-2
Let h(v) = -2*v + 45. Give h(36).
-27
Let j(x) = -x**2 + 22*x + 14. What is j(24)?
-34
Let i(u) = -2*u**2 - 4*u - 2. Give i(-3).
-8
Let c(v) = 2*v**2 - 20*v - 10. Determine c(10).
-10
Let h(m) = 3*m + 19. Give h(-7).
-2
Let f(w) = w**2 + 15*w - 3. Determine f(-15).
-3
Let p(f) = -4*f**2 + 24*f + 3. What is p(6)?
3
Let w(p) = p**2 + 2*p. What is w(0)?
0
Let f(s) = 2*s + 5. What is f(4)?
13
Let c(j) = j + 5. Give c(-13).
-8
Let x(o) = -o**3 + o**2 + 6*o - 1. Calculate x(-4).
55
Let w(v) = 10*v - 2. Calculate w(1).
8
Let x(u) = u**3 - 3*u + 1. What is x(4)?
53
Let q(y) = -y - 3. Calculate q(-10).
7
Let b(l) = 2*l**3 + 23*l**2 - 14*l + 9. Calculate b(-12).
33
Let a(m) = -5*m**2 - 2*m - 1. Determine a(0).
-1
Let b(k) = 3*k - 37. Calculate b(3).
-28
Let l(c) = -c**2 - 11*c + 10. Determine l(-12).
-2
Let a(b) = b**2 + 23*b - 172. Give a(-29).
2
Let u(f) = -2*f**2. Determine u(-3).
-18
Let a(d) = 7*d + 7. Calculate a(-3).
-14
Let d(m) = 3*m**2 - 69*m + 33. Calculate d(22).
-33
Let i(h) = h**2 - 9*h - 3. Give i(9).
-3
Let i(c) = -c**2 + 26*c - 27. What is i(25)?
-2
Let q(v) = -v**3 - 11*v**2 + 21*v - 69. What is q(-13)?
-4
Let p(c) = -c**2 - 22*c + 11. Calculate p(-12).
131
Let l(z) = -26*z - 120. What is l(-6)?
36
Let j(i) = -i**3 + 2*i**2 + 2. Give j(3).
-7
Let x(t) = t + 34. What is x(-14)?
20
Let t(g) = g**3 - 10*g**2 + 3. Calculate t(10).
3
Let q(g) = -2*g + 38. Determine q(21).
-4
Let l(f) = -7*f + 4. Give l(6).
-38
Let o(r) = -7*r**2 - r. What is o(1)?
-8
Let o(k) = -k**2 + 7*k + 17. Give o(7).
17
Let c(p) = p**3 + 4*p**2 - 6*p - 3. What is c(-5)?
2
Let r(u) = -u - 5. Calculate r(-7).
2
Let i(m) = 30*m**3 + m**2 - 2*m + 2. Calculate i(1).
31
Let c(m) = -10*m + 36. Calculate c(4).
-4
Let p(v) = -v**2 + 6*v - 7. Determine p(6).
-7
Let y(l) = 9*l - 368. Calculate y(41).
1
Let x(y) = y**3 - 8*y**2 - 9*y - 13. Calculate x(9).
-13
Let t(a) = a**2 + 3*a - 6. What is t(-5)?
4
Let g(y) = -y**3 + 5*y**2 + 13*y + 4. Determine g(7).
-3
Let u(r) = 3*r - 47. Determine u(17).
4
Let x(g) = -g**2 + 2*g + 7. Determine x(-2).
-1
Let o(n) = 10*n + 5. What is o(-2)?
-15
Let m(n) = -n - 12. Give m(-10).
-2
Let y(t) = -29*t - 45. Determine y(-1).
-16
Let q(z) = -2*z**3 - 10*z**2 + 7*z - 9. What is q(-6)?
21
Let k(j) = -j**3 - 9*j**2 - 13*j - 2. Determine k(-2).
-4
Let n(y) = 4*y - 18. Calculate n(5).
2
Let r(o) = -o**2 + 13*o - 12. Give r(12).
0
Let m(c) = -c**2 + 9*c + 6. Give m(10).
-4
Let c(i) = -i**2 - 12*i - 2. Calculate c(7).
-135
Let l(c) = -c**3 + 9*c**2 - 10*c + 6. What is l(5)?
56
Let q(s) = 12*s - 10. Calculate q(3).
26
Let j(i) = i**2 - 13*i + 19. Determine j(12).
7
Let t(c) = -3*c + 16. Determine t(11).
-17
Let r(o) = -2*o**3 - 11*o**2 + 8*o + 17. Determine r(-6).
5
Let u(h) = -h**3 - h**2 - 3*h + 1. Calculate u(-3).
28
Let n(p) = 82*p + 325. What is n(-4)?
-3
Let d(h) = 8*h**2 - h. Give d(-2).
34
Let r(f) = f - 9. Calculate r(-5).
-14
Let j(s) = s**2 + s + 3. Give j(-7).
45
Let j(n) = 7*n. Determine j(6).
42
Let d(l) = -l**2 - 3*l + 70. Calculate d(-6).
52
Let g(j) = j**3 - 16*j**2 - 17*j - 11. Determine g(17).
-11
Let j(z) = 9*z + 101. Determine j(-11).
2
Let g(y) = y**3 - y**2 - 9*y - 10. Calculate g(0).
-10
Let p(f) = -3*f**3 - f**2 + f + 1. Give p(-1).
2
Let z(t) = t**3 + 5*t**2 + 6*t + 2. Calculate z(-3).
2
Let g(a) = a**3 + 7*a**2 - 9*a - 7. Calculate g(-7).
56
Let r(f) = 19*f - 176. What is r(9)?
-5
Let k(f) = -f**3 - 16*f**2 - 56*f + 12. Calculate k(-11).
23
Let q(y) = y**2 + 3*y - 1. Give q(-5).
9
Let j(g) = g**3 - g**2 + 2*g + 6. What is j(0)?
6
Let z(d) = d**3 - 17*d**2 + 11*d + 15. What is z(16)?
-65
Let p(y) = 65*y - 13. Calculate p(-1).
-78
Let q(c) = 3*c**2 + 31*c + 56. What is q(-8)?
0
Let q(y) = -y**3 - 2*y**2 + 5*y - 6. Give q(-4).
6
Let c(d) = -47*d + 1. Determine c(-1).
48
Let m(d) = d**3 + 8*d**2 + 5*d + 14. Determine m(-8).
-26
Let z(s) = -s + 21. Give z(0).
21
Let m(h) = -4*h**2 + 2*h + 3. Determine m(2).
-9
Let m(s) = -2*s**2 - s - 2. Calculate m(-2).
-8
Let f(g) = g**3 + g**2 - g + 2. Determine f(-2).
0
Let w(d) = -d**3 + 6*d**2 - 15*d - 4. What is w(4)?
-32
Let i(k) = k**3 + 2*k**2 - 1. Determine i(-2).
-1
Let r(z) = 24*z + 3. Give r(-2).
-45
Let o(w) = -9*w + 299. What is o(31)?
20
Let p(w) = -2*w**2 - 3*w + 3. Give p(-3).
-6
Let p(s) = 5*s + 10. Calculate p(-4).
-10
Let x(c) = -2*c**2 - 2*c - 33. Give x(0).
-33
Let u(q) = 3*q**2 - 40*q - 2. Calculate u(14).
26
Let r(x) = x**3 + 18*x**2 - x - 10. Determine r(-18).
8
Let q(k) = -57*k - 3. What is q(1)?
-60
Let z(f) = -f**3 + 8*f**2 - 4*f. Determine z(7).
21
Let i(x) = -x**2 - 29*x - 150. Give i(-7).
4
Let s(i) = 11*i + 5. What is s(3)?
38
Let a(t) = -t - 22. Give a(11).
-33
Let z(s) = -s**2 - 22*s + 25. Calculate z(-23).
2
Let w(c) = -c**3 + 12*c**2 + 15*c - 29. What is w(13)?
-3
Let b(d) = -30*d + 142. Calculate b(5).
-8
Let b(s) = 8*s + 30. Determine b(-9).
-42
Let n(j) = j**3 - 8*j**2 + j - 9. Calculate n(7).
-51
Let x(d) = -d + 9. Determine x(7).
2
Let u(a) = -2*a**3 + 16*a**2 - 10*a + 3. Determine u(7).
31
Let b(n) = n**2 - 7*n + 9. Give b(4).
-3
Let r(d) = -7*d + 50. Determine r(5).
15
Let i(r) = -2*r - 8. Determine i(-2).
-4
Let m(s) = -2*s + 4. Calculate m(-4).
12
Let l(k) = -k**3 - 3*k**2 - 5. Calculate l(-4).
11
Let s(d) = 8*d**3 - d**2 - 2*d + 1. Determine s(1).
6
Let j(i) = -8*i + 12. Give j(2).
-4
Let r(a) = -32*a + 249. Determine r(8).
-7
Let u(w) = 33*w + 432. Give u(-13).
3
Let n(v) = -v**2 + 4*v - 1. Give n(3).
2
Let v(r) = 2*r + 3. What is v(-4)?
-5
Let c(h) = h**3 + 41*h**2 - 3*h - 128. Calculate c(-41).
-5
Let p(d) = -8*d - 14. Determine p(-4).
18
Let c(j) = -j**2 + 9*j - 19. Calculate c(5).
1
Let i(w) = -w**2 - 7*w - 16. Give i(-3).
-4
Let h(i) = i + 2. Determine h(-3).
-1
Let z(a) = 5*a**3 + 2*a - 2. Calculate z(2).
42
Let w(p) = 10*p - 54. Calculate w(13).
76
Let l(a) = -13*a + 4. Give l(0).
4
Let q(a) = a**3 - 